{"version":"1.0","provider_name":"lab:bz","provider_url":"http:\/\/www.labbz.it\/wp","author_name":"Bernhard Oberrauch","author_url":"http:\/\/www.labbz.it\/wp\/author\/bernhard\/","title":"Presse-Konferenz_20170920 - lab:bz","type":"rich","width":600,"height":338,"html":"<blockquote class=\"wp-embedded-content\" data-secret=\"KBt6kCJZA7\"><a href=\"http:\/\/www.labbz.it\/wp\/2017\/09\/18\/presse-konferenz_20170920\/\">Presse-Konferenz_20170920<\/a><\/blockquote><iframe sandbox=\"allow-scripts\" security=\"restricted\" src=\"http:\/\/www.labbz.it\/wp\/2017\/09\/18\/presse-konferenz_20170920\/embed\/#?secret=KBt6kCJZA7\" width=\"600\" height=\"338\" title=\"&#8220;Presse-Konferenz_20170920&#8221; &#8212; lab:bz\" data-secret=\"KBt6kCJZA7\" frameborder=\"0\" marginwidth=\"0\" marginheight=\"0\" scrolling=\"no\" class=\"wp-embedded-content\"><\/iframe><script>\n\/*! This file is auto-generated *\/\n!function(d,l){\"use strict\";l.querySelector&&d.addEventListener&&\"undefined\"!=typeof URL&&(d.wp=d.wp||{},d.wp.receiveEmbedMessage||(d.wp.receiveEmbedMessage=function(e){var t=e.data;if((t||t.secret||t.message||t.value)&&!\/[^a-zA-Z0-9]\/.test(t.secret)){for(var s,r,n,a=l.querySelectorAll('iframe[data-secret=\"'+t.secret+'\"]'),o=l.querySelectorAll('blockquote[data-secret=\"'+t.secret+'\"]'),c=new RegExp(\"^https?:$\",\"i\"),i=0;i<o.length;i++)o[i].style.display=\"none\";for(i=0;i<a.length;i++)s=a[i],e.source===s.contentWindow&&(s.removeAttribute(\"style\"),\"height\"===t.message?(1e3<(r=parseInt(t.value,10))?r=1e3:~~r<200&&(r=200),s.height=r):\"link\"===t.message&&(r=new URL(s.getAttribute(\"src\")),n=new URL(t.value),c.test(n.protocol))&&n.host===r.host&&l.activeElement===s&&(d.top.location.href=t.value))}},d.addEventListener(\"message\",d.wp.receiveEmbedMessage,!1),l.addEventListener(\"DOMContentLoaded\",function(){for(var e,t,s=l.querySelectorAll(\"iframe.wp-embedded-content\"),r=0;r<s.length;r++)(t=(e=s[r]).getAttribute(\"data-secret\"))||(t=Math.random().toString(36).substring(2,12),e.src+=\"#?secret=\"+t,e.setAttribute(\"data-secret\",t)),e.contentWindow.postMessage({message:\"ready\",secret:t},\"*\")},!1)))}(window,document);\n\/\/# sourceURL=http:\/\/www.labbz.it\/wp\/wp-includes\/js\/wp-embed.min.js\n<\/script>\n","thumbnail_url":"http:\/\/www.labbz.it\/wp\/wp-content\/uploads\/2017\/09\/Einladung-pressekonferenz_Sept2017.jpg","thumbnail_width":1495,"thumbnail_height":640,"description":"Pressekonferenz am Mittwoch, 20.9. 2017 \u201clab: bz aktuell\u201d 10.00 Uhr im Stadtlabor Bozen, Lauben 29,\u00a0 Bozen Wir laden ein zur Vorstellung folgender Themen: 1 &#8211; Gr\u00fcndung der gemeinsamen Plattform \u201clab+ S\u00fcdtiroler Netzwerk f\u00fcr lebenswerte St\u00e4dte und D\u00f6rfer \u201d bestehend aus den Stadtlaboren Brixen &#8211; Brix.lab, Meran &#8211; PAM und Bozen &#8211; lab:bz, 2 &#8211; Auseinandersetzung [&hellip;]"}

Pressekonferenz am Mittwoch, 20.9. 2017 “lab: bz aktuell” 10.00 Uhr im Stadtlabor Bozen, Lauben 29,  Bozen Wir laden ein zur Vorstellung folgender Themen: 1 &#8211; Gründung der gemeinsamen Plattform “lab+ Südtiroler Netzwerk für lebenswerte Städte und Dörfer ” bestehend aus den Stadtlaboren Brixen &#8211; Brix.lab, Meran &#8211; PAM und Bozen &#8211; lab:bz, 2 &#8211; Auseinandersetzung [&hellip;]
